, 2*u = -5*b + 26 + q. What are the prime factors of u?
2, 17
Let l be -1 + 3 + 3 + -11. Let k = -8 - l. List the prime factors of 10 - k - (-2 - -3).
11
Let s = 2749 + 1462. What are the prime factors of s?
4211
Let n(f) = -f**3 + 7*f**2 + f - 9. Let k be n(7). Let q be ((-72)/(-3))/(k/(-16)). Suppose -4*i + q = -0*i. What are the prime factors of i?
2, 3
Let r(z) = -51*z + 8. Let x(v) = 34*v - 4. Let m(p) = 1. Let w(l) = -m(l) + x(l). Let u(a) = -5*r(a) - 7*w(a). What are the prime factors of u(2)?
29
Suppose -3*s - s = -20, -5*d = -3*s - 715. Let m = 263 - d. List the prime factors of m.
3, 13
Let g = 343 - 63. List the prime factors of g.
2, 5, 7
List the prime factors of (80/28)/5 + 46436/28.
3, 7, 79
Let y = 11 + -8. Suppose -2*g + y*g - 2 = 0. Suppose -2*w + 100 = g*w. What are the prime factors of w?
5
Suppose -i = -2*q - 561, 1110 = -4*q - 0*i - 2*i. Let p = -153 - q. List the prime factors of p.
2, 3, 7
Suppose 3*n + 1449 = 24*n. What are the prime factors of n?
3, 23
Let g(m) be the third derivative of -m**6/120 - m**5/15 - 7*m**3/6 - 8*m**2. What are the prime factors of g(-5)?
2, 3
Let l(u) = -u**2 - 16*u + 3. Let o be l(-12). Suppose -2*m = -1 - 7. Suppose o = 2*k - q, q + 4*q = m*k - 105. What are the prime factors of k?
5
Suppose 4*z - 540 = 3*b - 7*b, 4*b - 16 = 0. What are the prime factors of z?
131
What are the prime factors of (-17492)/(-10)*(35/14 - 0)?
4373
Suppose 0 = 3*h + 153 - 495. Suppose f - h = -4*k + 2*k, -2*k + 116 = 2*f. List the prime factors of k.
2, 7
Suppose 2*d - o - 5870 = -55, 2*o = 2. What are the prime factors of d?
2, 727
Let r(l) = -3*l + 27. Let t(p) = -2*p**2 + p - 24. Let d be t(0). What are the prime factors of r(d)?
3, 11
Let m be 5/(5/(6 - 1)). Let q(b) = 5 - m - 7 + 16 - b**2 + 16*b. List the prime factors of q(12).
3, 19
Suppose 12126 = 68*q - 90690. What are the prime factors of q?
2, 3, 7
What are the prime factors of (12 - 0/(-4))*452/8?
2, 3, 113
Let q be ((-804)/15)/(8/(-60)). Let l be 2/11 - q/33. What are the prime factors of -5*(l/5 + -3)?
3
What are the prime factors of 2 + (-32124)/(-78) - (-8)/52?
2, 3, 23
Let g(b) = 4 - 6*b - b**2 + 2*b**2 + 1. Let c be g(6). Suppose -2*k + y - 39 = -c*k, -k - 3*y = -5. What are the prime factors of k?
2, 7
Suppose 4*z - 6*z = -3*b, -2*b = 2*z. Suppose -10 + 527 = 4*k - y, 4*k - 5*y - 521 = z. List the prime factors of k.
3, 43
Suppose -3*f - 5*f = 0. Suppose f = 2*v - 40 + 2. What are the prime factors of v?
19
Let o be -1 + 3 + -5 + -105. List the prime factors of (-2 + -1)*o/12.
3
Let h = 14 - 13. Let i be 2/h - (0 + 0). Let k(a) = 4*a**3 - 2*a**2 + a - 2. What are the prime factors of k(i)?
2, 3
Suppose -6*k + 6 + 12 = 0. Let u(w) = 70*w - 8. What are the prime factors of u(k)?
2, 101
Let m(q) = -13*q**3 + 3*q**2 - 5*q + 9. List the prime factors of m(-4).
3, 101
Let x(y) be the first derivative of -y**7/840 + y**6/30 + y**5/60 - y**3 - 2. Let k(n) be the third derivative of x(n). List the prime factors of k(12).
2, 3
Let i(b) = 2*b + 20. Let l be i(-9). Let a(y) = 6*y**l + 0 - y**3 + 8*y + 3 - 1 - 7. List the prime factors of a(5).
2, 3, 5
Let w(b) = b**3 - 10*b**2 + b - 7. Let u be w(10). Suppose -5*i + 6*v = u*v - 1039, v = 5*i - 1043. List the prime factors of i.
11, 19
Suppose 1593 - 253 = 2*m. List the prime factors of m.
2, 5, 67
Let n be (-13)/(-2)*26/13. Suppose 0 = n*d - 14*d + 175. List the prime factors of d.
5, 7
Let n(w) be the third derivative of -w**4/6 - 9*w**2. Let j be n(-4). Suppose -x + j + 1 = 0. List the prime factors of x.
17
Let h(f) = f**3 - 3*f**2 + 10*f - 28. List the prime factors of h(9).
2, 137
Suppose 0 = -3*a + 4*h + 513, 7*h - 5*h = -4*a + 706. What are the prime factors of a?
5, 7
Let g be (-15 - -19)*2/4. Suppose 2*m = 2*c - 166, 4*c = -0*c - g*m + 314. What are the prime factors of c?
2, 5
Suppose -2*l = 3*o + 22, 4*o = -2*l - 2*l - 40. Let a be (l + 6)/((-1)/25). Suppose 0 = j - 2 - a. List the prime factors of j.
2, 13
Let a = -12 - 89. Let j = -17 - a. What are the prime factors of j?
2, 3, 7
Let k be (-1 + 0)/((-112)/35 - -3). Suppose 592 = k*b + 17. What are the prime factors of b?
5, 23
Let v = -1652 - -3727. List the prime factors of v.
5, 83
Let u be (-4 - 2/(-1)) + 7. Suppose -145 = u*o + 5*y + 15, -44 = 2*o - 2*y. List the prime factors of 6/o - 227/(-9).
5
Let o = -68 - -177. List the prime factors of o.
109
Suppose -770 = -5*y - 5*t, -y - 4*t = 4*y - 769. What are the prime factors of y?
3, 17
Suppose 5*a - 6 = 9. Suppose 6*h = 5*h - 4*g + 98, a*h - 277 = 5*g. What are the prime factors of h?
2, 47
Suppose 0 = -4*q - 2*l + 66 + 730, -5*q + 973 = -3*l. Suppose 5*x = -t + q, 4*t - 3*x = 2*x + 738. What are the prime factors of t?
11, 17
Let h be -1 + (3 - (3 + -16)). Suppose -5*j + l + 13 = 0, -3*j + 6*j - h = 3*l. Suppose 49 = 3*t - j. What are the prime factors of t?
17
List the prime factors of (-15105)/(-21) + 2*3/(-21).
719
Let n(k) = k**2 - 1. Let l(p) = -6*p**2 + 9*p + 4. Suppose 2 = -4*m + 2*m. Let x(a) = m*l(a) - 4*n(a). What are the prime factors of x(6)?
2, 3
Suppose 2*r + c = 3845, 2*r - 1667 = -2*c + 2179. What are the prime factors of r?
2, 31
Let v = 19 + -11. Suppose 0 = -4*f + v*f. Suppose f = 2*u + 4*r - 84, -3*u - 4*r + 148 = u. What are the prime factors of u?
2
Let p = 15 - 9. Let i be 9/p + (-3)/(-6). Suppose i*j + 176 = 6*j. List the prime factors of j.
2, 11
Suppose 0 = -2*v + i - 4*i - 371, 4*i + 198 = -v. Let c = v + 260. What are the prime factors of c?
2, 41
Let c be ((-108)/7)/(1/(-7)). Suppose 2*g = c - 12. List the prime factors of g.
2, 3
Suppose 2*i - 2*s + 4 = 12, -4*i - s + 16 = 0. Suppose f + 51 = i*g, 3*g - 5*f + 10 - 44 = 0. Suppose g = 3*k - 17. List the prime factors of k.
2, 5
Suppose -u + 2413 = 2*l, -14500 = -6*u - 8*l + 7*l. What are the prime factors of u?
2417
Suppose 2*g + 12 = -2*a, g = 3*g - 4*a. Let w = g - -20. List the prime factors of w.
2
Let v be -3 + 1 + -2 - -2270. Suppose 10*m - 134 = v. What are the prime factors of m?
2, 3, 5
Suppose -5*x - g = 2*g + 12, 0 = -5*x + 5*g + 20. Suppose -6*s + 3*s + 69 = x. Suppose 3*c + s = 4*c. What are the prime factors of c?
23
Let f(j) = -5*j - 49. Let b be f(-12). Suppose 6*m = b*m - 740. List the prime factors of m.
2, 37
Suppose -2*g + 3868 = 808. List the prime factors of g.
2, 3, 5, 17
Let q(d) = 5*d**2 + 19*d - 10. Let k(p) = -4*p**2 - 18*p + 11. Let x(a) = 6*k(a) + 5*q(a). List the prime factors of x(12).
2
Let v(c) = -c + 5. Let r be v(3). Suppose 5*x + 93 = -0*k + r*k, 5*k - 165 = -x. What are the prime factors of (12 - k)/((-2)/4)?
2, 11
Let m be 0*((-20)/(-8))/(-5). Suppose -105 = -3*b - m*h - h, -5*h = -2*b + 87. List the prime factors of b.
2, 3
Let n(o) = -3*o - 8. Let i be n(-6). Suppose -2*g = -i*g + 800. What are the prime factors of g?
2, 5
Let t(w) = -w - 11. Let z be t(-5). List the prime factors of ((-1)/(-1) + -4)*298/z.
149
Suppose -23*a + 40*a = 9571. What are the prime factors of a?
563
Let j = -28 + 132. Let i = 142 - j. List the prime factors of i.
2, 19
Let j(v) = v**2 - 2*v + 2. Let w be j(2). Suppose -2*y + 40 = w*y. What are the prime factors of y?
2, 5
Suppose -90*k = -102*k + 62832. List the prime factors of k.
2, 7, 11, 17
Suppose -4*l + 5*l - 5*q - 1351 = 0, 5*q = -3*l + 3953. What are the prime factors of l?
2, 3, 13, 17
Suppose 0 = -5*g + 14 + 6. What are the prime factors of (-1)/((-2735)/(-685) - g)?
137
Let y(p) = -134*p - 60. Let d be y(-6). Suppose 0 = -4*j - 5*i + i + d, 380 = 2*j - 2*i. What are the prime factors of j?
2, 47
Let c(s) = 34 - 9 - 21 + 2*s. Let x be c(0). Suppose 4*q + 88 = -d + 4*d, -136 = -x*d - 4*q. List the prime factors of d.
2
Suppose 117 - 17 = 5*f. Suppose q = 26 + f. What are the prime factors of q?
2, 23
Let i = 65 - 71. What are the prime factors of 33/i*(-8)/2?
2, 11
Suppose 22 = 2*s - 28. Suppose -a - s + 132 = 0. List the prime factors of a.
107
Let d(s) = -2*s**3 + 31*s**2 - 12*s - 28. What are the prime factors of d(12)?
2, 11, 19
Suppose 2*s + 8 = 0, -2*j - 8*s + 12*s + 3738 = 0. What are the prime factors of j?
1861
Let o be 98/6 - 1/3. Suppose 4*a - 30 = 3*y + o, 3*a - 4*y = 31. Suppose a = d - 16. List the prime factors of d.
29
Let l be (-183)/4*(-320)/60. Let t = 19 + l. What are the prime factors of t?
263
Suppose -111*